o). Calculate the greatest common factor of f and y.
4
Suppose -62 = -t + 24. Let c = t - 44. Calculate the highest common divisor of c and 28.
14
Let r = -538 + 593. Let y(u) = 2*u**2 - 5*u - 1. Let w be y(4). What is the greatest common factor of r and w?
11
Suppose 6*k = 10*k. Suppose 0 = -5*i + 25, k = -q + 3*i + 5 - 15. Suppose 13 = q*c - 42. What is the highest common factor of 88 and c?
11
Let v(o) = -2*o**2 - 37*o - 50. Let l be v(-17). Calculate the highest common divisor of l and 7.
1
Suppose -35 = -3*q + 7. Let i be 42/(-8)*9/27*-4. Calculate the highest common factor of q and i.
7
Let r be 11/33 - (5/(-3) - -2). Suppose r = 5*h - 271 + 196. Calculate the greatest common factor of 20 and h.
5
Let a(l) = -l**3 - 9*l**2 - 7*l + 11. Let k be a(-8). Suppose 50 = 4*y + k*h, 4*h - 5 = -2*y + 15. Calculate the highest common divisor of 14 and y.
14
Let y = 68 + 82. Calculate the greatest common factor of 420 and y.
30
Let u = 784 + -557. Suppose -3*y + 0*i + u = -4*i, -3*y = -3*i - 228. Let s(n) = n**2 + 4*n - 14. Let j be s(3). What is the greatest common factor of y and j?
7
Suppose -5*p = -v - 6122, v + 2*v = 9. Calculate the highest common divisor of p and 35.
35
Let q be -1 + -2 + 24 - -3. Let g be ((-165)/9)/((-8)/q). What is the highest common divisor of 11 and g?
11
Suppose 2*v - 7*v + 95 = 0. Let h = -16 + v. Suppose 0 = h*a, -k - 2*k + 3*a + 336 = 0. Calculate the highest common divisor of 14 and k.
14
Let g be -24*((-3 - -2) + 0). Let h = 12 + -6. What is the greatest common divisor of h and g?
6
Suppose 3*f - 3*j + 1047 = 5*f, 5*f - j = 2660. What is the greatest common factor of f and 9?
9
Let g = -123 - -203. What is the greatest common factor of 30 and g?
10
Suppose 0 = -2*y + a + 1199, -21 = -a - 20. Calculate the highest common divisor of y and 40.
40
Suppose -13*h - 2*a = -10*h - 68, 4*h + 3*a = 91. What is the highest common divisor of 1408 and h?
22
Suppose -2*b - 240 = -10*b. Let p be (b + -10)/((-1)/(-8)). Let f = 7 - -25. What is the greatest common divisor of f and p?
32
Let z be (-3)/(-7) + (-19)/1064*-1432. Suppose 0*r - 2*r = -2*c - 264, 124 = r + 3*c. Calculate the greatest common divisor of r and z.
26
Suppose 9*l - 5 = 31. What is the highest common factor of 100 and l?
4
Let q be 3 + 1438 + 1 + -2. Let x be (-3)/7 + q/126. Let d be 26/4*(x + -9). What is the highest common factor of d and 26?
13
Let b be ((-6)/10)/1 + (-7668)/(-355). Suppose -4 = d + 1, -5*n - d = -415. Calculate the highest common divisor of b and n.
21
Let a be 12/14 - 235386/(-567). What is the greatest common divisor of a and 52?
52
Suppose 0 = -9*w - 13*w + 88. Calculate the highest common divisor of w and 64.
4
Suppose -7 = -b + 17. Let s = 40 - b. What is the highest common factor of s and 40?
8
Suppose 4*x = x + 12. What is the greatest common factor of x and 284?
4
Suppose 4*x = 2*i + 4 - 14, 1 = -i + 5*x. Let y = 797 + -788. What is the highest common factor of i and y?
9
Let n(c) = 2*c**2 + 6*c - 59. Let v be n(-20). What is the greatest common divisor of 27 and v?
27
Suppose 50 + 6 = 3*d + 5*w, 68 = 5*d + 2*w. Let c be (-2)/(-1) - (-50 + d/(-4)). What is the greatest common factor of 22 and c?
11
Let b = 3 - -17. Suppose -19*l = -b*l + 7. What is the highest common factor of 21 and l?
7
Let o(d) = d**3 + 61*d**2 + 108*d - 106. Let p be o(-59). What is the greatest common divisor of p and 352?
44
Let y(h) = h + 14. Let c(g) = -g - 3. Let f be c(3). Let n be y(f). Let k = -1209 + 1297. Calculate the highest common factor of k and n.
8
Suppose -j = 2 - 6. Let y be -3*13/(-6)*j. Calculate the highest common factor of y and 65.
13
Let c be (-2)/(-5)*5 + 351. Suppose 4*i + 17 = -4*w + c, 408 = 5*i - w. Let g = 122 - i. Calculate the greatest common factor of 8 and g.
8
Suppose 3*l - 78 = -30. Suppose -3*n - 2*n - 30 = 0. Let r be n - -7 - -1*3. Calculate the highest common factor of l and r.
4
Suppose -10*t + 684 = 564. Calculate the greatest common factor of t and 6.
6
Let k(q) = -17*q**2 + 73*q + 7. Let r be k(4). Let s be (1/(-3))/(3/(-27)). What is the greatest common divisor of s and r?
3
Let h be -3 + 0 + 205 + (5 - 0). Calculate the highest common factor of h and 9.
9
Let a(l) = 5*l**2 - 11*l + 21. Let c be a(3). Calculate the highest common factor of c and 2112.
33
Let t be (2 - -2 - 1) + -23. Let o = t + 24. Let q(k) = -2*k - 6. Let j be q(-7). What is the highest common factor of j and o?
4
Let u(y) = 59*y**2 - 2*y + 3. Let l be (8 - (-186)/(-24))/(2/8). Let w be u(l). What is the greatest common factor of w and 40?
20
Suppose 3*t + 5*m = 2, 2*t + 5*m + 2 = -0. Suppose 3*j = 3*q + 666, 8*j = 3*j + t*q + 1108. Calculate the highest common factor of j and 20.
20
Let p = -328 - -505. Suppose -22 = 3*y - 7, 4*n - p = -3*y. What is the highest common divisor of n and 72?
24
Let m = -20 - -16. Let n be m/14 + (-24)/(-84) + 42. What is the greatest common divisor of n and 28?
14
Let u = 151 + -133. Calculate the greatest common divisor of 90 and u.
18
Suppose -3 = 3*n - 9. Let h be 285/105 - n/(-7). What is the greatest common divisor of h and 3?
3
Let n = 197 + -186. Let f be -4*-2*33/24. Calculate the greatest common factor of f and n.
11
Let v = -36 - -78. Calculate the greatest common divisor of 78 and v.
6
Let r be (3 + -1)*(5 - 2). Suppose -o = -r*o + 50. Suppose 5*z - 3*h = -7*h + 462, -h + 363 = 4*z. What is the greatest common factor of z and o?
10
Let o = 13 - 8. Suppose 5*a = -5*i + 3*a + 11, 0 = 3*i + 2*a - 9. What is the greatest common divisor of o and i?
1
Let k(i) = 3*i**2 + 25*i + 8. Let j be k(-12). Let v(a) = 3*a**2 + 9*a + 2. Let q be v(-6). Calculate the highest common divisor of q and j.
28
Suppose 0 = -5*x + 8 + 7. Suppose 52 = x*t - 5*z, 2*t + t + 3*z = 12. Suppose 126 = 4*m - 3*v + v, t = 3*v. What is the greatest common divisor of 165 and m?
33
Let u = -49 - -59. Let i(p) = -p + 12. Let o be i(10). What is the greatest common divisor of u and o?
2
Suppose 2*r - 14 = d, 2*r - 30 = 6*d - d. Suppose 15 = r*p, 5*f - 2*p - 106 = f. Calculate the greatest common divisor of f and 70.
14
Let k(u) = -u**3 + 6*u**2 + 18*u - 12. Let y be k(8). Let o be 4/y + (10 - -1). What is the greatest common divisor of 84 and o?
12
Let d = -1054 + 1633. Calculate the highest common divisor of 3 and d.
3
Suppose -s + 5*g + 4 = -16, 4 = s - g. Suppose -k + h = -39, -5*k - 4*h + 240 = -s*h. Calculate the greatest common divisor of k and 11.
11
Let w = -228 + 941. What is the greatest common divisor of w and 23?
23
Let o = 2019 - 1434. What is the highest common divisor of o and 225?
45
Let o be (-13)/(390/(-75)) - 2921/(-2). Calculate the highest common divisor of 77 and o.
77
Suppose -6 = 30*g - 32*g. Suppose -81 + 21 = -g*a. Let f(r) = 9*r**3 - 3*r**2 + r - 2. Let o be f(2). What is the greatest common factor of o and a?
20
Let j(q) = 45 - 13*q - 15*q + 33*q - 7*q. Let o be j(14). Suppose -3*k - 181 = -z, -4*k + 6 + 2 = 0. Calculate the highest common divisor of z and o.
17
Suppose 0 = 2*t - 5*t + 15. Suppose 0 = -4*j - 2*s + 112, -5*s - 12 = -5*j + 128. Let c = j - 3. What is the greatest common divisor of t and c?
5
Suppose 4*n = -5*m + 520, -5*m + 162 = -4*n - 318. What is the greatest common divisor of m and 125?
25
Let t be (-18)/(-117) - 5140/(-52). What is the greatest common divisor of t and 88?
11
Let y(t) = t**2 - 2*t - 3. Let v be y(7). Let p(k) = -k**3 + 12*k**2 + 13*k + 4. Let a be p(12). What is the greatest common divisor of a and v?
32
Suppose -56*l + 22814 = 5*l. Calculate the greatest common factor of 68 and l.
34
Let n be (-14 + 17)/(6/98). What is the greatest common factor of n and 14?
7
Let x(s) = -58*s - 89. Let m be x(-2). Calculate the highest common divisor of 45 and m.
9
Suppose 0 = -4*y - 0*y + 12. Suppose 90*d = 93*d - y. Calculate the greatest common factor of d and 1.
1
Suppose -2*x - 6 = -4*c, 3*c + 2*x - 21 = -2*c. Suppose 0 = c*t - 5 - 1. Let r = t + 16. What is the greatest common factor of r and 2?
2
Suppose 20 = 2*k - k + x, -k + 10 = -x. Calculate the greatest common factor of 40 and k.
5
Suppose 0*u = 2*u - 10. Let f(b) = b**2 - b + 26. Let z be f(u). Calculate the greatest common factor of 69 and z.
23
Let m = 87 - 88. Let a be 95 + 3/(m/3*-3). Calculate the greatest common divisor of a 